{"id":226,"date":"2025-10-15T19:23:47","date_gmt":"2025-10-15T17:23:47","guid":{"rendered":"https:\/\/denisegottanichef.it\/?page_id=226"},"modified":"2026-03-30T09:21:57","modified_gmt":"2026-03-30T07:21:57","slug":"servizi-chef-a-domicilio","status":"publish","type":"page","link":"https:\/\/denisegottanichef.it\/?page_id=226","title":{"rendered":"Servizi Chef a Domicilio | Cene Private, Eventi e Showcooking"},"content":{"rendered":"\t\t<div data-elementor-type=\"wp-page\" data-elementor-id=\"226\" class=\"elementor elementor-226\" data-elementor-post-type=\"page\">\n\t\t\t\t<div class=\"elementor-element elementor-element-74a3ec9a e-con-full e-flex e-con e-parent\" data-id=\"74a3ec9a\" data-element_type=\"container\" data-settings=\"{&quot;background_background&quot;:&quot;classic&quot;}\">\n\t\t<div class=\"elementor-element elementor-element-30bb7966 e-con-full e-flex e-con e-child\" data-id=\"30bb7966\" data-element_type=\"container\" data-settings=\"{&quot;background_background&quot;:&quot;classic&quot;}\">\n\t\t\t\t<div class=\"elementor-element elementor-element-e0f31c0 elementor-widget elementor-widget-image\" data-id=\"e0f31c0\" data-element_type=\"widget\" data-widget_type=\"image.default\">\n\t\t\t\t\t\t\t\t\t\t\t\t\t\t\t<img fetchpriority=\"high\" decoding=\"async\" width=\"439\" height=\"242\" src=\"https:\/\/denisegottanichef.it\/wp-content\/uploads\/2025\/10\/image-8.png\" class=\"attachment-full size-full wp-image-1708\" alt=\"\" srcset=\"https:\/\/denisegottanichef.it\/wp-content\/uploads\/2025\/10\/image-8.png 439w, https:\/\/denisegottanichef.it\/wp-content\/uploads\/2025\/10\/image-8-300x165.png 300w\" sizes=\"(max-width: 439px) 100vw, 439px\" \/>\t\t\t\t\t\t\t\t\t\t\t\t\t\t\t<\/div>\n\t\t<div class=\"elementor-element elementor-element-c97850c e-con-full e-flex e-con e-child\" data-id=\"c97850c\" data-element_type=\"container\">\n\t\t\t\t<div class=\"elementor-element elementor-element-c7aed33 elementor-widget elementor-widget-heading\" data-id=\"c7aed33\" data-element_type=\"widget\" data-widget_type=\"heading.default\">\n\t\t\t\t\t<h2 class=\"elementor-heading-title elementor-size-default\">Creiamo l'esperienza<\/h2>\t\t\t\t<\/div>\n\t\t\t\t<div class=\"elementor-element elementor-element-4b1f048 elementor-widget elementor-widget-heading\" data-id=\"4b1f048\" data-element_type=\"widget\" data-widget_type=\"heading.default\">\n\t\t\t\t\t<h2 class=\"elementor-heading-title elementor-size-default\">giusta per te<\/h2>\t\t\t\t<\/div>\n\t\t\t\t<\/div>\n\t\t<div class=\"elementor-element elementor-element-9027a10 e-con-full e-flex e-con e-child\" data-id=\"9027a10\" data-element_type=\"container\">\n\t\t\t\t<div class=\"elementor-element elementor-element-97a9403 elementor-widget elementor-widget-text-editor\" data-id=\"97a9403\" data-element_type=\"widget\" data-widget_type=\"text-editor.default\">\n\t\t\t\t\t\t\t\t\t<p><span style=\"font-weight: 400;\">Ogni esperienza inizia con una chiacchierata dove mi racconti cosa desideri e io ti racconto come possiamo farlo diventare realt\u00e0.<\/span><\/p>\t\t\t\t\t\t\t\t<\/div>\n\t\t\t\t<\/div>\n\t\t\t\t<\/div>\n\t\t<div class=\"elementor-element elementor-element-5265d878 e-con-full e-flex e-con e-child\" data-id=\"5265d878\" data-element_type=\"container\">\n\t\t\t\t<div class=\"elementor-element elementor-element-431c9f48 animated-slow elementor-invisible elementor-widget elementor-widget-icon-box\" data-id=\"431c9f48\" data-element_type=\"widget\" data-settings=\"{&quot;_animation&quot;:&quot;fadeIn&quot;,&quot;_animation_delay&quot;:&quot;0&quot;}\" data-widget_type=\"icon-box.default\">\n\t\t\t\t\t\t\t<div class=\"elementor-icon-box-wrapper\">\n\n\t\t\t\n\t\t\t\t\t\t<div class=\"elementor-icon-box-content\">\n\n\t\t\t\t\t\t\t\t\t<h3 class=\"elementor-icon-box-title\">\n\t\t\t\t\t\t<span  >\n\t\t\t\t\t\t\t01. Contatto e brief\t\t\t\t\t\t<\/span>\n\t\t\t\t\t<\/h3>\n\t\t\t\t\n\t\t\t\t\t\t\t\t\t<p class=\"elementor-icon-box-description\">\n\t\t\t\t\t\tPrenoti una call in cui mi racconti l'occasione, il numero di ospiti, il tipo di atmosfera che immagini. Io ascolto, faccio domande e comincio gi\u00e0 a immaginare.\t\t\t\t\t<\/p>\n\t\t\t\t\n\t\t\t<\/div>\n\t\t\t\n\t\t<\/div>\n\t\t\t\t\t\t<\/div>\n\t\t\t\t<div class=\"elementor-element elementor-element-4ad4cd4 animated-slow elementor-invisible elementor-widget elementor-widget-icon-box\" data-id=\"4ad4cd4\" data-element_type=\"widget\" data-settings=\"{&quot;_animation&quot;:&quot;fadeIn&quot;,&quot;_animation_delay&quot;:&quot;0&quot;}\" data-widget_type=\"icon-box.default\">\n\t\t\t\t\t\t\t<div class=\"elementor-icon-box-wrapper\">\n\n\t\t\t\n\t\t\t\t\t\t<div class=\"elementor-icon-box-content\">\n\n\t\t\t\t\t\t\t\t\t<h3 class=\"elementor-icon-box-title\">\n\t\t\t\t\t\t<span  >\n\t\t\t\t\t\t\t02. Progettazione del men\u00f9\t\t\t\t\t\t<\/span>\n\t\t\t\t\t<\/h3>\n\t\t\t\t\n\t\t\t\t\t\t\t\t\t<p class=\"elementor-icon-box-description\">\n\t\t\t\t\t\tTi invio il mio men\u00f9 stagionale in PDF: \u00e8 il punto di partenza per costruire la tua esperienza su misura. Lo sfogli, scegli ci\u00f2 che ti ispira, poi ne parliamo insieme e lo personalizziamo finch\u00e9 non diventa esattamente ci\u00f2 che desideri. \n\t\t\t\t\t<\/p>\n\t\t\t\t\n\t\t\t<\/div>\n\t\t\t\n\t\t<\/div>\n\t\t\t\t\t\t<\/div>\n\t\t\t\t<div class=\"elementor-element elementor-element-9782b07 animated-slow elementor-invisible elementor-widget elementor-widget-icon-box\" data-id=\"9782b07\" data-element_type=\"widget\" data-settings=\"{&quot;_animation&quot;:&quot;fadeIn&quot;,&quot;_animation_delay&quot;:&quot;0&quot;}\" data-widget_type=\"icon-box.default\">\n\t\t\t\t\t\t\t<div class=\"elementor-icon-box-wrapper\">\n\n\t\t\t\n\t\t\t\t\t\t<div class=\"elementor-icon-box-content\">\n\n\t\t\t\t\t\t\t\t\t<h3 class=\"elementor-icon-box-title\">\n\t\t\t\t\t\t<span  >\n\t\t\t\t\t\t\t03. Organizzazione logistica\t\t\t\t\t\t<\/span>\n\t\t\t\t\t<\/h3>\n\t\t\t\t\n\t\t\t\t\t\t\t\t\t<p class=\"elementor-icon-box-description\">\n\t\t\t\t\t\tConfermiamo data, orario, location. Se necessario faccio un sopralluogo (soprattutto per eventi grandi o location particolari) e ci accordiamo sui dettagli pratici.\t\t\t\t\t<\/p>\n\t\t\t\t\n\t\t\t<\/div>\n\t\t\t\n\t\t<\/div>\n\t\t\t\t\t\t<\/div>\n\t\t\t\t<div class=\"elementor-element elementor-element-c1d5f4a animated-slow elementor-invisible elementor-widget elementor-widget-icon-box\" data-id=\"c1d5f4a\" data-element_type=\"widget\" data-settings=\"{&quot;_animation&quot;:&quot;fadeIn&quot;,&quot;_animation_delay&quot;:&quot;0&quot;}\" data-widget_type=\"icon-box.default\">\n\t\t\t\t\t\t\t<div class=\"elementor-icon-box-wrapper\">\n\n\t\t\t\n\t\t\t\t\t\t<div class=\"elementor-icon-box-content\">\n\n\t\t\t\t\t\t\t\t\t<h3 class=\"elementor-icon-box-title\">\n\t\t\t\t\t\t<span  >\n\t\t\t\t\t\t\t04. Il giorno dell'esperienza\t\t\t\t\t\t<\/span>\n\t\t\t\t\t<\/h3>\n\t\t\t\t\n\t\t\t\t\t\t\t\t\t<p class=\"elementor-icon-box-description\">\n\t\t\t\t\t\tDurante la giornata cucino, servo, racconto, rispondo alle curiosit\u00e0. Alla fine: pulizia totale. Lascio tutto come l'ho trovato, anzi meglio. Tu ti godi solo il ricordo.\t\t\t\t\t<\/p>\n\t\t\t\t\n\t\t\t<\/div>\n\t\t\t\n\t\t<\/div>\n\t\t\t\t\t\t<\/div>\n\t\t\t\t<div class=\"elementor-element elementor-element-5614e65 animated-slow elementor-invisible elementor-widget elementor-widget-icon-box\" data-id=\"5614e65\" data-element_type=\"widget\" data-settings=\"{&quot;_animation&quot;:&quot;fadeIn&quot;,&quot;_animation_delay&quot;:&quot;0&quot;}\" data-widget_type=\"icon-box.default\">\n\t\t\t\t\t\t\t<div class=\"elementor-icon-box-wrapper\">\n\n\t\t\t\n\t\t\t\t\t\t<div class=\"elementor-icon-box-content\">\n\n\t\t\t\t\t\t\t\t\t<h3 class=\"elementor-icon-box-title\">\n\t\t\t\t\t\t<span  >\n\t\t\t\t\t\t\t05, E dopo?\t\t\t\t\t\t<\/span>\n\t\t\t\t\t<\/h3>\n\t\t\t\t\n\t\t\t\t\t\t\t\t\t<p class=\"elementor-icon-box-description\">\n\t\t\t\t\t\tAmo sapere com'\u00e8 andata (anche se di solito lo vedo dai sorrisi). Se hai foto, storie, feedback: condividili. E se vuoi ripetere l'esperienza o regalarne una a qualcuno, sai dove trovarmi.\t\t\t\t\t<\/p>\n\t\t\t\t\n\t\t\t<\/div>\n\t\t\t\n\t\t<\/div>\n\t\t\t\t\t\t<\/div>\n\t\t\t\t<\/div>\n\t\t\t\t<\/div>\n\t\t<div class=\"elementor-element elementor-element-59de3cd e-con-full e-flex e-con e-parent\" data-id=\"59de3cd\" data-element_type=\"container\" id=\"menu-gottani\">\n\t\t\t\t<div class=\"elementor-element elementor-element-fd8a0c1 elementor-flip-box--direction-down elementor-flip-box--3d elementor-flip-box--effect-flip elementor-widget elementor-widget-flip-box\" data-id=\"fd8a0c1\" data-element_type=\"widget\" data-widget_type=\"flip-box.default\">\n\t\t\t\t\t\t\t<div class=\"elementor-flip-box\" tabindex=\"0\">\n\t\t\t<div class=\"elementor-flip-box__layer elementor-flip-box__front\">\n\t\t\t\t<div class=\"elementor-flip-box__layer__overlay\">\n\t\t\t\t\t<div class=\"elementor-flip-box__layer__inner\">\n\t\t\t\t\t\t\t\t\t\t\t\t\t<div class=\"elementor-icon-wrapper elementor-view-default\">\n\t\t\t\t\t\t\t\t<div class=\"elementor-icon\">\n\t\t\t\t\t\t\t\t\t\t\t\t\t\t\t\t\t<\/div>\n\t\t\t\t\t\t\t<\/div>\n\t\t\t\t\t\t\n\t\t\t\t\t\t\t\t\t\t\t\t\t<h3 class=\"elementor-flip-box__layer__title\">\n\t\t\t\t\t\t\t\tChef a domicilio\t\t\t\t\t\t\t<\/h3>\n\t\t\t\t\t\t\n\t\t\t\t\t\t\t\t\t\t\t\t\t<div class=\"elementor-flip-box__layer__description\">\n\t\t\t\t\t\t\t\tExperience\t\t\t\t\t\t\t<\/div>\n\t\t\t\t\t\t\t\t\t\t\t<\/div>\n\t\t\t\t<\/div>\n\t\t\t<\/div>\n\t\t\t<div class=\"elementor-flip-box__layer elementor-flip-box__back\">\n\t\t\t<div class=\"elementor-flip-box__layer__overlay\">\n\t\t\t\t<div class=\"elementor-flip-box__layer__inner\">\n\t\t\t\t\t\t\t\t\t\t\t<h3 class=\"elementor-flip-box__layer__title\">\n\t\t\t\t\t\t\tChef a domicilio experience\t\t\t\t\t\t<\/h3>\n\t\t\t\t\t\n\t\t\t\t\t\t\t\t\t\t\t<div class=\"elementor-flip-box__layer__description\">\n\t\t\t\t\t\t\tChef a domicilio experience porta la qualit\u00e0 della ristorazione direttamente a casa tua. Scegli tra una selezione di piatti curati, un men\u00f9 costruito sulle tue preferenze o, per una serata davvero speciale, i piatti iconici della cuoca stellata Nadia Vincenzi firmati Signature Dinner.\t\t\t\t\t\t<\/div>\n\t\t\t\t\t\n\t\t\t\t\t\t\t\t\t\t\t<a class=\"elementor-flip-box__button elementor-button elementor-size-sm\" href=\"https:\/\/denisegottanichef.it\/wp-content\/uploads\/2026\/03\/Cene-menu-2026.pdf\">\n\t\t\t\t\t\t\tVisualizza il men\u00f9\t\t\t\t\t\t<\/a>\n\t\t\t\t\t\t\t\t<\/div>\n\t\t<\/div>\n\t\t<\/div>\n\t\t<\/div>\n\t\t\t\t\t\t<\/div>\n\t\t\t\t<div class=\"elementor-element elementor-element-add328d elementor-flip-box--direction-down elementor-flip-box--3d elementor-flip-box--effect-flip elementor-widget elementor-widget-flip-box\" data-id=\"add328d\" data-element_type=\"widget\" data-widget_type=\"flip-box.default\">\n\t\t\t\t\t\t\t<div class=\"elementor-flip-box\" tabindex=\"0\">\n\t\t\t<div class=\"elementor-flip-box__layer elementor-flip-box__front\">\n\t\t\t\t<div class=\"elementor-flip-box__layer__overlay\">\n\t\t\t\t\t<div class=\"elementor-flip-box__layer__inner\">\n\t\t\t\t\t\t\t\t\t\t\t\t\t<div class=\"elementor-icon-wrapper elementor-view-default\">\n\t\t\t\t\t\t\t\t<div class=\"elementor-icon\">\n\t\t\t\t\t\t\t\t\t\t\t\t\t\t\t\t\t<\/div>\n\t\t\t\t\t\t\t<\/div>\n\t\t\t\t\t\t\n\t\t\t\t\t\t\t\t\t\t\t\t\t<h3 class=\"elementor-flip-box__layer__title\">\n\t\t\t\t\t\t\t\tEventi\t\t\t\t\t\t\t<\/h3>\n\t\t\t\t\t\t\n\t\t\t\t\t\t\t\t\t\t\t\t\t<div class=\"elementor-flip-box__layer__description\">\n\t\t\t\t\t\t\t\tConviviali\t\t\t\t\t\t\t<\/div>\n\t\t\t\t\t\t\t\t\t\t\t<\/div>\n\t\t\t\t<\/div>\n\t\t\t<\/div>\n\t\t\t<div class=\"elementor-flip-box__layer elementor-flip-box__back\">\n\t\t\t<div class=\"elementor-flip-box__layer__overlay\">\n\t\t\t\t<div class=\"elementor-flip-box__layer__inner\">\n\t\t\t\t\t\t\t\t\t\t\t<h3 class=\"elementor-flip-box__layer__title\">\n\t\t\t\t\t\t\tEventi conviviali\t\t\t\t\t\t<\/h3>\n\t\t\t\t\t\n\t\t\t\t\t\t\t\t\t\t\t<div class=\"elementor-flip-box__layer__description\">\n\t\t\t\t\t\t\tFormat di gruppo pensati per fare del cibo il vero protagonista della serata. Movimento Gourmet \u00e8 perfetto per gli eventi in piedi, con finger food e piccole creazioni servite tra gli ospiti. Paella Experience porta spettacolo e profumi mediterranei grazie alla cottura a vista, mentre Paccherata all'Italiana celebra la tradizione con una cena tutta dedicata all'italianit\u00e0.\t\t\t\t\t\t<\/div>\n\t\t\t\t\t\n\t\t\t\t\t\t\t\t\t\t\t<a class=\"elementor-flip-box__button elementor-button elementor-size-sm\" href=\"https:\/\/denisegottanichef.it\/wp-content\/uploads\/2026\/03\/Eventi-menu-2026.pdf\">\n\t\t\t\t\t\t\tVisualizza il men\u00f9\t\t\t\t\t\t<\/a>\n\t\t\t\t\t\t\t\t<\/div>\n\t\t<\/div>\n\t\t<\/div>\n\t\t<\/div>\n\t\t\t\t\t\t<\/div>\n\t\t\t\t<\/div>\n\t\t<div class=\"elementor-element elementor-element-b38c526 e-con-full e-flex e-con e-parent\" data-id=\"b38c526\" data-element_type=\"container\">\n\t\t\t\t<div class=\"elementor-element elementor-element-cc22f75 elementor-widget elementor-widget-shortcode\" data-id=\"cc22f75\" data-element_type=\"widget\" data-widget_type=\"shortcode.default\">\n\t\t\t\t\t\t\t<div class=\"elementor-shortcode\">\t\t<div data-elementor-type=\"container\" data-elementor-id=\"389\" class=\"elementor elementor-389\" data-elementor-post-type=\"elementor_library\">\n\t\t\t\t<div class=\"elementor-element elementor-element-a3f1bb1 e-con-full e-flex e-con e-parent\" data-id=\"a3f1bb1\" data-element_type=\"container\" data-settings=\"{&quot;background_background&quot;:&quot;classic&quot;}\">\n\t\t<div class=\"elementor-element elementor-element-bd703a0 e-con-full e-flex e-con e-child\" data-id=\"bd703a0\" data-element_type=\"container\">\n\t\t<div class=\"elementor-element elementor-element-cff92b8 e-con-full e-flex e-con e-child\" data-id=\"cff92b8\" data-element_type=\"container\">\n\t\t\t\t<div class=\"elementor-element elementor-element-9fcbb71 elementor-widget elementor-widget-heading\" data-id=\"9fcbb71\" data-element_type=\"widget\" data-widget_type=\"heading.default\">\n\t\t\t\t\t<h2 class=\"elementor-heading-title elementor-size-default\">Iniziamo a Progettare<\/h2>\t\t\t\t<\/div>\n\t\t\t\t<div class=\"elementor-element elementor-element-e2c0576 elementor-widget elementor-widget-heading\" data-id=\"e2c0576\" data-element_type=\"widget\" data-widget_type=\"heading.default\">\n\t\t\t\t\t<h2 class=\"elementor-heading-title elementor-size-default\">il tuo evento speciale<\/h2>\t\t\t\t<\/div>\n\t\t\t\t<\/div>\n\t\t\t\t<div class=\"elementor-element elementor-element-8b2e3b7 elementor-widget elementor-widget-text-editor\" data-id=\"8b2e3b7\" data-element_type=\"widget\" data-widget_type=\"text-editor.default\">\n\t\t\t\t\t\t\t\t\t<p class=\"font-claude-response-body whitespace-normal break-words\">Hai un&#8217;occasione speciale da celebrare o vuoi semplicemente goderti una cena gourmet senza pensieri? Contattami per una <strong>consulenza gratuita e senza impegno<\/strong>. Ti rispondo entro 24 ore per capire insieme come rendere perfetta la tua esperienza.<\/p>\t\t\t\t\t\t\t\t<\/div>\n\t\t\t\t<div class=\"elementor-element elementor-element-d934224 elementor-widget elementor-widget-button\" data-id=\"d934224\" data-element_type=\"widget\" data-widget_type=\"button.default\">\n\t\t\t\t\t\t\t\t\t\t<a class=\"elementor-button elementor-button-link elementor-size-sm\" href=\"https:\/\/denisegottanichef.it\/?page_id=1314\">\n\t\t\t\t\t\t<span class=\"elementor-button-content-wrapper\">\n\t\t\t\t\t\t\t\t\t<span class=\"elementor-button-text\">Prenota una Chiamata Gratuita<\/span>\n\t\t\t\t\t<\/span>\n\t\t\t\t\t<\/a>\n\t\t\t\t\t\t\t\t<\/div>\n\t\t\t\t<\/div>\n\t\t\t\t<\/div>\n\t\t\t\t<\/div>\n\t\t<\/div>\n\t\t\t\t\t\t<\/div>\n\t\t\t\t<\/div>\n\t\t\t\t<\/div>\n\t\t","protected":false},"excerpt":{"rendered":"<p>Chef a Domicilio | Servizi per Cene ed Eventi | Denise Gottani Chef. Cene a domicilio, eventi privati, showcooking e cooking class. La mia cucina viene da te, ovunque. Esperienze su misura con chef personale. Prenota ora.<\/p>\n","protected":false},"author":1,"featured_media":1180,"parent":0,"menu_order":0,"comment_status":"closed","ping_status":"closed","template":"","meta":{"footnotes":""},"class_list":["post-226","page","type-page","status-publish","has-post-thumbnail","hentry"],"yoast_head":"<!-- This site is optimized with the Yoast SEO plugin v26.4 - https:\/\/yoast.com\/wordpress\/plugins\/seo\/ -->\n<title>Servizi Chef a Domicilio | Cene Private, Eventi e Showcooking - Denise Gottani Chef<\/title>\n<meta name=\"description\" content=\"Chef a domicilio per cene private, eventi e showcooking. Cucina gourmet su misura ovunque tu voglia. Men\u00f9 personalizzati e servizio completo.\" \/>\n<meta name=\"robots\" content=\"index, follow, max-snippet:-1, max-image-preview:large, max-video-preview:-1\" \/>\n<link rel=\"canonical\" href=\"https:\/\/denisegottanichef.it\/?page_id=226\" \/>\n<meta property=\"og:locale\" content=\"it_IT\" \/>\n<meta property=\"og:type\" content=\"article\" \/>\n<meta property=\"og:title\" content=\"Servizi Chef a Domicilio | Cene Private, Eventi e Showcooking - Denise Gottani Chef\" \/>\n<meta property=\"og:description\" content=\"Chef a domicilio per cene private, eventi e showcooking. Cucina gourmet su misura ovunque tu voglia. Men\u00f9 personalizzati e servizio completo.\" \/>\n<meta property=\"og:url\" content=\"https:\/\/denisegottanichef.it\/?page_id=226\" \/>\n<meta property=\"og:site_name\" content=\"Denise Gottani Chef\" \/>\n<meta property=\"article:modified_time\" content=\"2026-03-30T07:21:57+00:00\" \/>\n<meta property=\"og:image\" content=\"https:\/\/denisegottanichef.it\/wp-content\/uploads\/2025\/10\/Paccherata-scaled.jpg\" \/>\n\t<meta property=\"og:image:width\" content=\"1706\" \/>\n\t<meta property=\"og:image:height\" content=\"2560\" \/>\n\t<meta property=\"og:image:type\" content=\"image\/jpeg\" \/>\n<meta name=\"twitter:card\" content=\"summary_large_image\" \/>\n<meta name=\"twitter:label1\" content=\"Tempo di lettura stimato\" \/>\n\t<meta name=\"twitter:data1\" content=\"3 minuti\" \/>\n<script type=\"application\/ld+json\" class=\"yoast-schema-graph\">{\"@context\":\"https:\/\/schema.org\",\"@graph\":[{\"@type\":\"WebPage\",\"@id\":\"https:\/\/denisegottanichef.it\/?page_id=226\",\"url\":\"https:\/\/denisegottanichef.it\/?page_id=226\",\"name\":\"Servizi Chef a Domicilio | Cene Private, Eventi e Showcooking - Denise Gottani Chef\",\"isPartOf\":{\"@id\":\"https:\/\/denisegottanichef.it\/#website\"},\"primaryImageOfPage\":{\"@id\":\"https:\/\/denisegottanichef.it\/?page_id=226#primaryimage\"},\"image\":{\"@id\":\"https:\/\/denisegottanichef.it\/?page_id=226#primaryimage\"},\"thumbnailUrl\":\"https:\/\/denisegottanichef.it\/wp-content\/uploads\/2025\/10\/Paccherata-scaled.jpg\",\"datePublished\":\"2025-10-15T17:23:47+00:00\",\"dateModified\":\"2026-03-30T07:21:57+00:00\",\"description\":\"Chef a domicilio per cene private, eventi e showcooking. Cucina gourmet su misura ovunque tu voglia. Men\u00f9 personalizzati e servizio completo.\",\"breadcrumb\":{\"@id\":\"https:\/\/denisegottanichef.it\/?page_id=226#breadcrumb\"},\"inLanguage\":\"it-IT\",\"potentialAction\":[{\"@type\":\"ReadAction\",\"target\":[\"https:\/\/denisegottanichef.it\/?page_id=226\"]}]},{\"@type\":\"ImageObject\",\"inLanguage\":\"it-IT\",\"@id\":\"https:\/\/denisegottanichef.it\/?page_id=226#primaryimage\",\"url\":\"https:\/\/denisegottanichef.it\/wp-content\/uploads\/2025\/10\/Paccherata-scaled.jpg\",\"contentUrl\":\"https:\/\/denisegottanichef.it\/wp-content\/uploads\/2025\/10\/Paccherata-scaled.jpg\",\"width\":1706,\"height\":2560,\"caption\":\"Menu All'Italiana: convivialit\u00e0 mediterranea per cene all'aperto ed eventi estivi\"},{\"@type\":\"BreadcrumbList\",\"@id\":\"https:\/\/denisegottanichef.it\/?page_id=226#breadcrumb\",\"itemListElement\":[{\"@type\":\"ListItem\",\"position\":1,\"name\":\"Home\",\"item\":\"https:\/\/denisegottanichef.it\/\"},{\"@type\":\"ListItem\",\"position\":2,\"name\":\"Servizi Chef a Domicilio | Cene Private, Eventi e Showcooking\"}]},{\"@type\":\"WebSite\",\"@id\":\"https:\/\/denisegottanichef.it\/#website\",\"url\":\"https:\/\/denisegottanichef.it\/\",\"name\":\"Denise Gottani Chef\",\"description\":\"\",\"potentialAction\":[{\"@type\":\"SearchAction\",\"target\":{\"@type\":\"EntryPoint\",\"urlTemplate\":\"https:\/\/denisegottanichef.it\/?s={search_term_string}\"},\"query-input\":{\"@type\":\"PropertyValueSpecification\",\"valueRequired\":true,\"valueName\":\"search_term_string\"}}],\"inLanguage\":\"it-IT\"}]}<\/script>\n<!-- \/ Yoast SEO plugin. -->","yoast_head_json":{"title":"Servizi Chef a Domicilio | Cene Private, Eventi e Showcooking - Denise Gottani Chef","description":"Chef a domicilio per cene private, eventi e showcooking. Cucina gourmet su misura ovunque tu voglia. Men\u00f9 personalizzati e servizio completo.","robots":{"index":"index","follow":"follow","max-snippet":"max-snippet:-1","max-image-preview":"max-image-preview:large","max-video-preview":"max-video-preview:-1"},"canonical":"https:\/\/denisegottanichef.it\/?page_id=226","og_locale":"it_IT","og_type":"article","og_title":"Servizi Chef a Domicilio | Cene Private, Eventi e Showcooking - Denise Gottani Chef","og_description":"Chef a domicilio per cene private, eventi e showcooking. Cucina gourmet su misura ovunque tu voglia. Men\u00f9 personalizzati e servizio completo.","og_url":"https:\/\/denisegottanichef.it\/?page_id=226","og_site_name":"Denise Gottani Chef","article_modified_time":"2026-03-30T07:21:57+00:00","og_image":[{"width":1706,"height":2560,"url":"https:\/\/denisegottanichef.it\/wp-content\/uploads\/2025\/10\/Paccherata-scaled.jpg","type":"image\/jpeg"}],"twitter_card":"summary_large_image","twitter_misc":{"Tempo di lettura stimato":"3 minuti"},"schema":{"@context":"https:\/\/schema.org","@graph":[{"@type":"WebPage","@id":"https:\/\/denisegottanichef.it\/?page_id=226","url":"https:\/\/denisegottanichef.it\/?page_id=226","name":"Servizi Chef a Domicilio | Cene Private, Eventi e Showcooking - Denise Gottani Chef","isPartOf":{"@id":"https:\/\/denisegottanichef.it\/#website"},"primaryImageOfPage":{"@id":"https:\/\/denisegottanichef.it\/?page_id=226#primaryimage"},"image":{"@id":"https:\/\/denisegottanichef.it\/?page_id=226#primaryimage"},"thumbnailUrl":"https:\/\/denisegottanichef.it\/wp-content\/uploads\/2025\/10\/Paccherata-scaled.jpg","datePublished":"2025-10-15T17:23:47+00:00","dateModified":"2026-03-30T07:21:57+00:00","description":"Chef a domicilio per cene private, eventi e showcooking. Cucina gourmet su misura ovunque tu voglia. Men\u00f9 personalizzati e servizio completo.","breadcrumb":{"@id":"https:\/\/denisegottanichef.it\/?page_id=226#breadcrumb"},"inLanguage":"it-IT","potentialAction":[{"@type":"ReadAction","target":["https:\/\/denisegottanichef.it\/?page_id=226"]}]},{"@type":"ImageObject","inLanguage":"it-IT","@id":"https:\/\/denisegottanichef.it\/?page_id=226#primaryimage","url":"https:\/\/denisegottanichef.it\/wp-content\/uploads\/2025\/10\/Paccherata-scaled.jpg","contentUrl":"https:\/\/denisegottanichef.it\/wp-content\/uploads\/2025\/10\/Paccherata-scaled.jpg","width":1706,"height":2560,"caption":"Menu All'Italiana: convivialit\u00e0 mediterranea per cene all'aperto ed eventi estivi"},{"@type":"BreadcrumbList","@id":"https:\/\/denisegottanichef.it\/?page_id=226#breadcrumb","itemListElement":[{"@type":"ListItem","position":1,"name":"Home","item":"https:\/\/denisegottanichef.it\/"},{"@type":"ListItem","position":2,"name":"Servizi Chef a Domicilio | Cene Private, Eventi e Showcooking"}]},{"@type":"WebSite","@id":"https:\/\/denisegottanichef.it\/#website","url":"https:\/\/denisegottanichef.it\/","name":"Denise Gottani Chef","description":"","potentialAction":[{"@type":"SearchAction","target":{"@type":"EntryPoint","urlTemplate":"https:\/\/denisegottanichef.it\/?s={search_term_string}"},"query-input":{"@type":"PropertyValueSpecification","valueRequired":true,"valueName":"search_term_string"}}],"inLanguage":"it-IT"}]}},"_links":{"self":[{"href":"https:\/\/denisegottanichef.it\/index.php?rest_route=\/wp\/v2\/pages\/226","targetHints":{"allow":["GET"]}}],"collection":[{"href":"https:\/\/denisegottanichef.it\/index.php?rest_route=\/wp\/v2\/pages"}],"about":[{"href":"https:\/\/denisegottanichef.it\/index.php?rest_route=\/wp\/v2\/types\/page"}],"author":[{"embeddable":true,"href":"https:\/\/denisegottanichef.it\/index.php?rest_route=\/wp\/v2\/users\/1"}],"replies":[{"embeddable":true,"href":"https:\/\/denisegottanichef.it\/index.php?rest_route=%2Fwp%2Fv2%2Fcomments&post=226"}],"version-history":[{"count":279,"href":"https:\/\/denisegottanichef.it\/index.php?rest_route=\/wp\/v2\/pages\/226\/revisions"}],"predecessor-version":[{"id":2086,"href":"https:\/\/denisegottanichef.it\/index.php?rest_route=\/wp\/v2\/pages\/226\/revisions\/2086"}],"wp:featuredmedia":[{"embeddable":true,"href":"https:\/\/denisegottanichef.it\/index.php?rest_route=\/wp\/v2\/media\/1180"}],"wp:attachment":[{"href":"https:\/\/denisegottanichef.it\/index.php?rest_route=%2Fwp%2Fv2%2Fmedia&parent=226"}],"curies":[{"name":"wp","href":"https:\/\/api.w.org\/{rel}","templated":true}]}}